i**2 - 11*i + 20. Give c(8).
-4
Let p(r) = r**3 + r**2 - r + 6. Calculate p(-3).
-9
Let t(m) = -m**2 + 30. Calculate t(7).
-19
Let s(f) = -f**3 + 12*f**2 - 2*f + 9. Determine s(12).
-15
Let y(l) = 2*l**2 - 11*l + 11. What is y(4)?
-1
Let y(a) = -2*a**2 - 43*a - 39. Determine y(-20).
21
Let f(a) = -a**2 - 3*a + 4. Give f(-5).
-6
Let v(d) = d**2 - 17*d + 56. Determine v(6).
-10
Let j(t) = t**2 + 9*t + 9. Calculate j(-8).
1
Let v(a) = -a + 2. Determine v(0).
2
Let n(b) = 6*b**2 + b + 1. What is n(-1)?
6
Let s(p) = -p**3 + 10*p**2 - 7*p + 12. What is s(9)?
30
Let a(p) = -p**3 - 12*p**2 - 14*p + 3. Calculate a(-10).
-57
Let w(t) = -t**3 - 6*t**2 + 6*t + 6. Give w(-7).
13
Let x(o) = -8*o**3 - 2*o - 2. Calculate x(-1).
8
Let u(s) = 8*s**2 + 3*s + 2. Determine u(-1).
7
Let z(j) = -j**3 - 5*j**2 + 2. Give z(-5).
2
Let d(g) = 2*g**2 - 55*g + 132. Calculate d(25).
7
Let h(t) = -t + 14. Give h(27).
-13
Let w(i) = -2*i**2 + 11*i - 10. Give w(6).
-16
Let x(n) = 2*n**2 - 12*n + 12. Determine x(8).
44
Let z(f) = -3*f**2 - 60*f + 27. What is z(-20)?
27
Let w(l) = 16*l**2 - l + 3. Calculate w(2).
65
Let w(d) = -8*d - 157. Determine w(-19).
-5
Let x(u) = -u**3 - 8*u**2 + 4*u + 12. What is x(-8)?
-20
Let t(f) = -f**3 - 8*f**2 + 2*f + 5. What is t(-8)?
-11
Let g(p) = 2*p**3 - p**2 + 2*p + 2. Calculate g(-2).
-22
Let q(i) = -74*i - 1. Calculate q(-1).
73
Let n(w) = 40*w**2 - w + 1. What is n(1)?
40
Let k(s) = -s**3 - 27*s**2 - 27*s - 41. What is k(-26)?
-15
Let l(t) = 19*t + 12. What is l(-2)?
-26
Let z(w) = -w**3 + 8*w**2 + 19*w + 8. Determine z(10).
-2
Let l(f) = 8*f - 2. Determine l(3).
22
Let r(m) = 2*m**2 - 5*m - 5. Calculate r(5).
20
Let o(b) = b**2 + 12*b - 2. What is o(-9)?
-29
Let g(q) = q**3 - 7*q**2 - 16*q + 129. Give g(6).
-3
Let s(c) = c + 1. Calculate s(-6).
-5
Let r(v) = -19*v - 207. Give r(-12).
21
Let o(a) = 2*a**2 - 5*a + 3. Calculate o(1).
0
Let l(u) = 2*u**3 + 4*u**2 + 3*u - 2. What is l(-2)?
-8
Let i(a) = -3*a**2 + 5*a - 5. Determine i(3).
-17
Let b(y) = 3*y + 91. What is b(-20)?
31
Let l(t) = -7*t + 206. What is l(30)?
-4
Let o(w) = -w**3 - 9*w**2 - 8*w + 10. Determine o(-8).
10
Let j(a) = a**3 + 27*a**2 + 25*a - 50. Give j(-26).
-24
Let v(c) = 5*c - 10. Give v(2).
0
Let d(f) = -f**2 + 12*f - 35. Give d(8).
-3
Let o(a) = -a**2 - 14*a - 2. Give o(-15).
-17
Let n(g) = g**3 + 3*g**2 - 4*g. What is n(-5)?
-30
Let w(c) = 3*c**2 - 4*c + 13. What is w(2)?
17
Let c(w) = 4*w. Calculate c(11).
44
Let c(l) = l**3 - 21*l**2 + 19*l + 18. What is c(20)?
-2
Let u(o) = 26*o**2 - o - 1. Give u(-1).
26
Let r(v) = -12*v + 76. Give r(7).
-8
Let b(t) = -2*t**3 - 2*t**2 - 6*t - 7. Calculate b(-3).
47
Let a(z) = -14*z**2 + 42*z + 6. Give a(3).
6
Let b(k) = k - 6. Determine b(2).
-4
Let v(i) = -i**2 - 18*i + 7. Give v(-18).
7
Let g(k) = 4*k + 7. What is g(-7)?
-21
Let o(a) = a**2 + 2*a - 19. Determine o(0).
-19
Let g(f) = -2*f + 11. Give g(0).
11
Let h(u) = 2*u - 12. Determine h(8).
4
Let w(a) = 13*a - 7. Calculate w(4).
45
Let v(k) = 2*k**3 - 4*k**2 + 4*k. Calculate v(1).
2
Let u(r) = -r**2 + 12*r - 3. Give u(11).
8
Let d(b) = 12*b + 454. Give d(-37).
10
Let u(y) = 11*y**3 + y**2 + 3*y + 2. Determine u(-1).
-11
Let p(n) = n**2 - 21*n + 5. What is p(21)?
5
Let j(v) = v**2 - 23*v - 58. Calculate j(25).
-8
Let d(q) = -3*q**2 - 6*q + 1. Calculate d(-4).
-23
Let i(f) = 2*f + 12. Determine i(-3).
6
Let y(q) = 35*q - 40. What is y(7)?
205
Let b(o) = -o**3 - 6*o**2 - 4*o + 20. Calculate b(-5).
15
Let k(h) = -h**3 + 12*h**2 - h + 6. Give k(12).
-6
Let r(m) = 5*m + 38. Calculate r(-10).
-12
Let d(v) = -v**3 + 7*v**2 - v - 1. What is d(7)?
-8
Let h(u) = 3*u**2 - 34*u + 29. What is h(10)?
-11
Let k(l) = l**2 - 7*l - 14. Determine k(9).
4
Let h(w) = w**2 + 30. Give h(0).
30
Let s(q) = 3*q**2 + 18*q. Calculate s(-6).
0
Let c(x) = -2*x + 12. Give c(-9).
30
Let k(d) = d**2 + 30*d + 73. Calculate k(-27).
-8
Let u(q) = 7*q + 27. Determine u(-4).
-1
Let s(w) = -w**2 + 10*w + 19. Give s(12).
-5
Let z(u) = u**3 + 3*u**2 + 3*u + 2. What is z(-2)?
0
Let y(d) = -d**3 - 5*d**2 - d - 9. Determine y(-5).
-4
Let y(w) = 3*w**3 - 19*w**2 + 4*w + 13. Calculate y(7).
139
Let g(y) = y**3 + 8*y**2 + 4*y + 38. Determine g(-8).
6
Let f(i) = -4*i - 38. Determine f(-6).
-14
Let b(q) = q**3 - 5*q**2 + 2*q + 2. Give b(4).
-6
Let q(x) = -x**3 - 3*x**2 - x - 1. Give q(-3).
2
Let h(j) = 2*j**2 - 3*j - 6. Determine h(4).
14
Let a(d) = 11*d + 11. Give a(0).
11
Let m(a) = 3*a + 38. Determine m(-16).
-10
Let n(h) = h**2 + 4*h + 5. Determine n(-6).
17
Let x(t) = -20*t - 3. Give x(1).
-23
Let l(v) = 2*v**2 - 2*v - 2. Determine l(6).
58
Let z(k) = k**2 + 11*k + 14. What is z(-9)?
-4
Let q(l) = l**2 + 63*l - 187. Give q(3).
11
Let w(c) = -9*c**2 - 2*c + 2. What is w(1)?
-9
Let k(p) = p**2 + 3*p - 6. Give k(-8).
34
Let g(a) = -a**2 + 12*a - 17. Give g(12).
-17
Let p(o) = -89*o - 1327. Determine p(-15).
8
Let q(f) = -5*f**3 + 33*f**2 + 17*f - 17. What is q(7)?
4
Let n(f) = -f**2 + 10*f + 12. Give n(11).
1
Let l(n) = -13*n + 28. Calculate l(4).
-24
Let g(d) = 2*d**2 - 10*d - 5. Determine g(4).
-13
Let t(s) = 2*s**2 + 16*s - 5. What is t(-8)?
-5
Let w(b) = 3*b - 5. Determine w(9).
22
Let u(v) = 2*v + 6. Calculate u(-6).
-6
Let y(t) = -t**3 + 10*t**2 + 10*t - 28. Determine y(12).
-196
Let h(p) = 4*p + 5. Determine h(7).
33
Let a(b) = 15*b - 183. Give a(12).
-3
Let w(u) = u + 7. Determine w(-12).
-5
Let f(z) = z**3 - z**2 - 75*z - 12. Give f(-8).
12
Let v(a) = -88*a**2 + 2. Calculate v(1).
-86
Let w(p) = 43*p + 213. Calculate w(-5).
-2
Let m(z) = 12*z**2 - 9*z + 2. Determine m(1).
5
Let t(j) = -j**3 - 7*j**2 + 2*j + 2. Determine t(-3).
-40
Let m(b) = -35*b + 247. What is m(7)?
2
Let z(o) = -10*o + 22. Calculate z(-8).
102
Let n(l) = l**2 + 2*l. What is n(-6)?
24
Let x(k) = -8*k**2 + 3*k - 2. What is x(3)?
-65
Let t(i) = -i**3 + 10*i**2 + 2*i - 20. Give t(10).
0
Let q(o) = o**2. Calculate q(4).
16
Let r(s) = -s + 9. What is r(12)?
-3
Let i(u) = 2*u**2 - 7. Calculate i(3).
11
Let b(y) = -12*y + 7. What is b(1)?
-5
Let y(d) = 13*d**2 - 18*d + 7. What is y(3)?
70
Let m(u) = 2*u**3 - 16*u**2 + 4*u + 8. Determine m(7).
-62
Let v(f) = -f**2 - 3*f + 4. Give v(-3).
4
Let y(h) = -3*h**3 - 13*h**2 - 6*h - 17. Calculate y(-4).
-9
Let b(h) = h**3 + 31*h**2 + 10*h + 316. Give b(-31).
6
Let j(z) = 2*z**2 + 3*z + 8. Calculate j(-2).
10
Let x(s) = s**3 + 6*s**2 - 6*s + 16. Calculate x(-7).
9
Let q(y) = y**3 + 2*y**2 + 2*y + 7. Give q(-3).
-8
Let r(t) = t**3 + 3*t**2 - 4*t + 2. Give r(-4).
2
Let b(k) = k**3 - 4*k**2 + 3*k - 5. Calculate b(4).
7
Let f(v) = -30*v + 1. Determine f(-2).
61
Let y(h) = -h + 16. What is y(9)?
7
Let b(t) = -11*t - 219. Give b(-20).
1
Let y(u) = u**2 - 22*u + 38. What is y(4)?
-34
Let l(q) = 5*q**2 + 60*q - 60. Give l(-13).
5
Let p(k) = k**2 + 24*k - 24. Calculate p(-25).
1
Let x(w) = -6*w + 3. What is x(3)?
-15
Let i(g) = g**3 + 18*g**2 - g - 5. Determine i(-18).
13
Let v(c) = 2*c**2 - 4*c - 1. Give v(3).
5
Let o(g) = -g**2 - 6*g + 8. Give o(-7).
1
Let w(z) = z**3 + 52*z**2 - 107*z + 44. Determine w(-54).
-10
Let x(a) = a**2 - 3*a + 2. What is x(7)?
30
Let v(x) = 18*x + 67. Determine v(-3).
13
Let y(d) = -d - 22. Determine y(8).
-30
Let s(l) = l**3 + 2*l**2 + l + 34. What is s(0)?
34
Let j(h) = -h**3 - 6*h**2 + 19*h + 10. Determine j(-8).
-14
Let d(x) = -x**3 - 11*x**2 - 14*x - 15. Determine d(-10).
25
Let b(m) = -5*m - 9. Determine b(-6).
21
Let f(x) = -92*x - 729. Give f(-8).
7
Let j(k) = k**3 - 4*k**2 - 7*k + 2. What is j(5)?
-8
Let k(l) = l - 19. What is k(18)?
-1
Let a(y) = 4*y**2 - 2*y - 15. Determine a(0).
-15
Let s(f) = -2*f**2 - 2*f + 30. Determine s(-8).
-82
Let v(j) = 6*j**2 + 9*j - 8. Calculate v(-5).
97
Let r(t) = -4*t**2 + 29*t + 24. What is r(8)?
0
Let o(m) = -m**3 - 2*m**2 - 2*m + 1. Calculate o(-3).
16
Let n(v) = -10*v - 71. What is n(-8)?
9
Let y(b) = 2*b**2 - 53*b + 68. Determine y(26).
42
Let g(o) = 2*o + 3. Give g(-1).
1
Let w(m) = m - 8. Give w(1).
-7
Let u(j) = j**2 + 25*j - 19. Give u(-26).
7
Let j(p) = p**3 - p**2 - 2*p - 9. Determine j(0).
-9
Let d(q) = q**2 - 13*q + 1. Give d(13).
1
Let i(u) = -u**2 - 9*u - 14. Give i(-9).
-14
Let y(r) = -2*r + 21. Determine y(7).
7
Let d(r) = -r**2 + 13*r - 1. What is d(9)?
35
Let i(t) = -t - 13. Give i(-9).
-4
Let j(d) = 10*d + 71. Calculate j(-10